t is the remainder when 211388 is divided by 33?
23
What is the remainder when 81603 is divided by 12?
3
Calculate the remainder when 16279847 is divided by 5426613.
8
Calculate the remainder when 79126 is divided by 79125.
1
Calculate the remainder when 435222 is divided by 531.
333
What is the remainder when 12234 is divided by 133?
131
What is the remainder when 1636773 is divided by 111?
78
What is the remainder when 2973646 is divided by 198169?
1111
Calculate the remainder when 252067 is divided by 48508.
9527
Calculate the remainder when 155425 is divided by 3327.
2383
Calculate the remainder when 1572245 is divided by 864.
629
Calculate the remainder when 17102707 is divided by 3453.
3451
Calculate the remainder when 2568036 is divided by 17006.
130
Calculate the remainder when 1204086 is divided by 301014.
30
Calculate the remainder when 78589 is divided by 9606.
1741
Calculate the remainder when 19114 is divided by 384.
298
Calculate the remainder when 62728936 is divided by 2429.
11
What is the remainder when 7117118 is divided by 265?
13
What is the remainder when 8254003 is divided by 330159?
28
Calculate the remainder when 426425 is divided by 461.
0
Calculate the remainder when 545592 is divided by 272709.
174
Calculate the remainder when 465272 is divided by 320.
312
Calculate the remainder when 4877360 is divided by 1081.
969
What is the remainder when 500449 is divided by 166806?
31
Calculate the remainder when 17144 is divided by 1143.
1142
Calculate the remainder when 174020 is divided by 5116.
76
Calculate the remainder when 174535 is divided by 57974.
613
What is the remainder when 43434 is divided by 18701?
6032
What is the remainder when 1303296 is divided by 4705?
11
What is the remainder when 369878 is divided by 73964?
58
What is the remainder when 1080259 is divided by 1957?
1952
What is the remainder when 10255316 is divided by 62916?
8
Calculate the remainder when 1581814 is divided by 18825.
514
Calculate the remainder when 793787 is divided by 991.
987
What is the remainder when 196223891 is divided by 39244774?
21
Calculate the remainder when 244482 is divided by 61100.
82
What is the remainder when 3818355 is divided by 54547?
65
What is the remainder when 5380909 is divided by 543?
322
Calculate the remainder when 75013 is divided by 4101.
1195
What is the remainder when 394508518 is divided by 3115?
3113
Calculate the remainder when 4921293 is divided by 1230322.
5
Calculate the remainder when 509811065 is divided by 9939.
9938
What is the remainder when 17249156 is divided by 202931?
21
Calculate the remainder when 8393746 is divided by 1695.
106
What is the remainder when 361322699 is divided by 13?
10
What is the remainder when 1882623 is divided by 1437?
153
Calculate the remainder when 1654014 is divided by 4084.
4078
What is the remainder when 25604 is divided by 1686?
314
Calculate the remainder when 112295 is divided by 739.
706
Calculate the remainder when 92702181 is divided by 36.
21
Calculate the remainder when 164097 is divided by 79.
14
Calculate the remainder when 175999 is divided by 11733.
4
Calculate the remainder when 5831357 is divided by 462.
455
What is the remainder when 1294714 is divided by 81?
10
What is the remainder when 8421026 is divided by 101456?
178
Calculate the remainder when 1843390 is divided by 1470.
10
What is the remainder when 2401843 is divided by 371?
360
What is the remainder when 602931 is divided by 7009?
157
Calculate the remainder when 6587217 is divided by 1646797.
29
What is the remainder when 1087533 is divided by 52?
5
Calculate the remainder when 2887792 is divided by 233.
223
What is the remainder when 824844 is divided by 137?
104
Calculate the remainder when 30835138 is divided by 25.
13
What is the remainder when 1556865 is divided by 194561?
377
What is the remainder when 45644363 is divided by 97?
43
Calculate the remainder when 4965979 is divided by 4965923.
56
What is the remainder when 6118494 is divided by 887?
855
What is the remainder when 891041 is divided by 445300?
441
What is the remainder when 256388 is divided by 18936?
10220
Calculate the remainder when 546181930 is divided by 39.
34
Calculate the remainder when 8385593 is divided by 59.
41
What is the remainder when 596605 is divided by 306?
211
What is the remainder when 8861668 is divided by 1433?
1429
What is the remainder when 1662256 is divided by 71?
4
What is the remainder when 35546397 is divided by 360?
357
Calculate the remainder when 1134766 is divided by 252.
10
Calculate the remainder when 133869576 is divided by 15.
6
Calculate the remainder when 787709 is divided by 1348.
477
What is the remainder when 27470894 is divided by 867?
866
Calculate the remainder when 8580625 is divided by 83.
2
What is the remainder when 130078199 is divided by 1781893?
10
Calculate the remainder when 42695600 is divided by 26.
12
What is the remainder when 15685916 is divided by 16?
12
What is the remainder when 899682 is divided by 21943?
19
Calculate the remainder when 18409515 is divided by 123.
105
Calculate the remainder when 47640 is divided by 307.
55
Calculate the remainder when 13880331 is divided by 116641.
52
Calculate the remainder when 307938 is divided by 306367.
1571
What is the remainder when 25812 is divided by 3620?
472
What is the remainder when 3118156 is divided by 77?
41
What is the remainder when 132982 is divided by 1590?
1012
What is the remainder when 612919 is divided by 3831?
3790
Calculate the remainder when 4370894 is divided by 43.
30
What is the remainder when 101833 is divided by 444?
157
What is the remainder when 161676 is divided by 1116?
972
Calculate the remainder when 6945 is divided by 6935.
10
What is the remainder when 4381921 is divided by 347?
5
What is the remainder when 15613 is divided by 863?
79
What is the remainder when 688409 is divided by 30?
29
What is the remainder when 3374318 is divided by 2568?
2534
What is the remainder when 147551 is divided by 8668?
195
Calculate the remainder when 58562 is divided by 2046.
1274
What is the remainder when 1527039 is divided by 2871?
2538
Calculate the remainder when 253458 is divided by 126640.
178
What is the remainder when 85951 is divided by 28414?
709
Calculate the remainder when 19595949 is divided by 149.
65
What is the remainder when 126178 is divided by 5979?
619
What is the remainder when 2002512 is divided by 205?
72
What is the remainder when 46176 is divided by 2304?
96
What is the remainder when 5320 is divided by 1423?
1051
Calculate the remainder when 1956031 is divided by 217336.
7
What is the remainder when 91213 is divided by 16274?
9843
Calculate the remainder when 18201642 is divided by 6067212.
6
Calculate the remainder when 2478039 is divided by 1255.
669
What is the remainder when 1610743 is divided by 402683?
11
What is the remainder when 4643 is divided by 4514?
129
Calculate the remainder when 103997 is divided by 661.
220
What is the remainder when 2748617 is divided by 812?
809
What is the remainder when 111105 is divided by 6919?
401
Calculate the remainder when 128818 is divided by 21334.
814
What is the remainder when 95154392 is divided by 15?
2
Calculate the remainder when 18626 is divided by 801.
203
What is the remainder when 7718310 is divided by 50?
10
Calculate the remainder when 57971 is divided by 747.
452
What is the remainder when 3533994 is divided by 19?
13
Calculate the remainder when 105524250 is divided by 157.
154
What is the remainder when 37243344 is divided by 97?
0
Calculate the remainder when 35946788 is divided by 1764.
1760
Calculate the remainder when 1540706 is divided by 77032.
66
What is the remainder when 54223128 is divided by 697?
13
What is the remainder when 5235297 is divided by 135?
132
What is the remainder when 12105809 is divided by 19?
16
What is the remainder when 1268162 is divided by 316979?
246
What is the remainder when 4173 is divided by 2057?
59
What is the remainder when 148338 is divided by 8?
2
What is the remainder when 8391846 is divided by 100?
46
What is the remainder when 1240769 is divided by 1127?
1069
Calculate the remainder when 3324716 is divided by 789.
659
Calculate the remainder when 277734 is divided by